(c) = 290*c - 2891. Determine v(10).
9
Let f(i) = 305*i - 5488. Give f(18).
2
Let v(n) = 226*n + 433. Calculate v(-2).
-19
Let w(f) = -18*f**2 + 159*f + 22. Give w(9).
-5
Let w(i) = 71*i**3 - 922*i**2 - 7*i - 11. Give w(13).
67
Let r(o) = o**2 - 7*o - 588. Determine r(-19).
-94
Let q(g) = -44*g - 94. Calculate q(-2).
-6
Let q(f) = -4*f**2 + 52*f + 457. What is q(-6)?
1
Let c(q) = 209*q + 1654. Give c(-10).
-436
Let d(w) = -w**3 - 21*w**2 - 94*w - 71. Give d(-14).
-127
Let x(b) = 269*b + 1944. Give x(-8).
-208
Let y(i) = 54*i + 392. Calculate y(-9).
-94
Let z(h) = h**3 + 6*h**2 - 15*h - 13. What is z(-8)?
-21
Let v(w) = -w**3 - 12*w**2 - 348*w - 2365. What is v(-7)?
-174
Let b(h) = -h**2 + 64. What is b(10)?
-36
Let b(c) = -129*c - 8223. What is b(-64)?
33
Let i(j) = j**2 + 255*j + 2612. Give i(-10).
162
Let t(g) = 29*g - 941. Give t(33).
16
Let d(u) = -2*u**3 - 165*u**2 + 82*u - 84. Give d(-83).
-1
Let d(w) = -w**3 - 24*w**2 - 8*w - 79. Determine d(-24).
113
Let o(b) = -493*b - 5924. Give o(-12).
-8
Let s(p) = p**3 + 8*p**2 + 22*p + 164. Calculate s(-7).
59
Let o(k) = 128*k + 7960. Give o(-62).
24
Let w(q) = 20350*q + 6. Determine w(0).
6
Let a(x) = -135*x**2 + x - 1. Calculate a(-1).
-137
Let i(q) = 20067*q + 40128. Determine i(-2).
-6
Let d(o) = -5098*o - 12. Determine d(0).
-12
Let l(k) = k**3 - 6*k**2 + 25*k - 102. What is l(5)?
-2
Let y(t) = -202*t + 2220. Give y(11).
-2
Let q(f) = -f**3 - 8*f**2 - 12*f + 17. Give q(-8).
113
Let f(t) = t**3 + 29*t**2 - 169*t + 17. Calculate f(-34).
-17
Let l(y) = 6*y - 610. What is l(102)?
2
Let t(f) = 38*f - 180. What is t(9)?
162
Let q(k) = k**3 + 57*k**2 - 123*k - 319. Calculate q(-59).
-24
Let v(o) = -3*o**2 - 5*o + 33. Give v(-7).
-79
Let z(j) = -j**2 - 44*j + 1261. Give z(-60).
301
Let m(v) = 4*v - 75. What is m(13)?
-23
Let o(k) = -79*k**2 - 318*k + 4. What is o(-4)?
12
Let k(i) = 35*i + 302. Give k(-9).
-13
Let m(n) = n**2 + 6*n. Calculate m(-5).
-5
Let y(g) = -g**3 + 5*g**2 + 88*g - 54. Calculate y(12).
-6
Let y(p) = -32*p + 269. What is y(8)?
13
Let j(v) = 73*v + 1303. Give j(-18).
-11
Let j(d) = 17*d - 424. Give j(72).
800
Let r(u) = -u**3 - 49*u**2 - 298*u - 114. Calculate r(-42).
54
Let m(o) = -21*o + 150. Calculate m(7).
3
Let f(k) = 156*k + 473. Calculate f(-3).
5
Let g(q) = 14*q**2 - 371*q + 190. Give g(26).
8
Let i(v) = 407*v + 15889. Give i(-39).
16
Let y(x) = -2683*x - 32222. What is y(-12)?
-26
Let u(p) = 75*p**3 - 2*p**2 + 30*p + 32. Calculate u(-1).
-75
Let k(w) = w**3 - 24*w**2 - 20*w - 101. What is k(25)?
24
Let s(r) = r**2 + 20*r - 1105. What is s(23)?
-116
Let d(r) = r**2 + 139*r + 1045. What is d(-8)?
-3
Let b(u) = -19*u + 902. Determine b(47).
9
Let n(q) = -123*q + 352. Give n(3).
-17
Let j(o) = -4*o**3 + o**2 - 4*o + 8. Give j(2).
-28
Let y(t) = -2*t**2 - 34*t + 371. Determine y(-25).
-29
Let q(w) = 2*w**2 - 42*w - 48. Determine q(20).
-88
Let h(q) = -14*q + 98. Give h(16).
-126
Let r(k) = 221*k + 1769. Determine r(-8).
1
Let c(l) = 5*l**2 + 260*l + 277. Calculate c(-51).
22
Let c(k) = -67*k**2 - 163*k + 1. Give c(-2).
59
Let c(j) = j**3 - 15*j**2 + 34*j - 116. Calculate c(13).
-12
Let d(b) = -13*b**3 + 3*b**2 - 19*b + 69. Determine d(4).
-791
Let n(a) = -2*a**3 - 14*a**2 - 34*a + 37. What is n(-6)?
169
Let n(x) = -14*x**3 + 30*x**2 + 4*x - 7. Determine n(3).
-103
Let t(m) = 1697*m - 3458. Give t(2).
-64
Let x(p) = -p**2 + 388*p - 5222. What is x(14)?
14
Let q(u) = -1867*u - 16818. Calculate q(-9).
-15
Let l(a) = -56*a**3 - 11*a**2 + 5*a - 4. Determine l(1).
-66
Let l(m) = -2*m**3 + 284*m**2 + 7*m - 1008. Calculate l(142).
-14
Let s(o) = 224*o**3 - 3*o**2 - 10*o - 6. Determine s(-1).
-223
Let q(b) = -438*b - 4382. Determine q(-10).
-2
Let i(u) = 129*u - 584. What is i(3)?
-197
Let w(q) = -19*q**2 - 122*q - 35. Give w(-6).
13
Let f(s) = -490*s - 13715. Give f(-28).
5
Let z(t) = 56*t + 1531. Give z(-27).
19
Let x(a) = 8*a**2 - 53*a - 2. What is x(8)?
86
Let b(m) = -278*m + 22. What is b(0)?
22
Let a(q) = -6*q**2 + 286*q + 287. Determine a(-1).
-5
Let y(s) = s**3 - 37*s**2 - 202*s - 19. Determine y(42).
317
Let l(n) = -28*n**2 + 17*n + 156. What is l(-6)?
-954
Let o(i) = -2*i**2 - 40*i - 70. Give o(-19).
-32
Let w(p) = 12*p**2 - 421*p + 438. What is w(34)?
-4
Let f(z) = -2016*z + 247975. Give f(123).
7
Let k(y) = -y**2 + 7*y + 9. Determine k(7).
9
Let v(a) = 3*a**3 + 55*a**2 - 9*a + 38. What is v(-19)?
-513
Let o(y) = 4059*y - 32478. Determine o(8).
-6
Let t(h) = 5*h**3 - h**2 - 4*h + 5. Give t(-3).
-127
Let c(t) = 293*t + 12039. What is c(-41)?
26
Let y(a) = a**3 - 6*a**2 + 11*a - 1. Determine y(2).
5
Let y(x) = 6*x - 12. Determine y(-6).
-48
Let g(m) = 302*m - 3931. What is g(13)?
-5
Let z(i) = i**2 + 113*i - 1064. What is z(-122)?
34
Let v(a) = 62*a + 117. Determine v(-2).
-7
Let h(k) = k**2 - 181*k + 4656. Calculate h(31).
6
Let s(w) = -w**2 + 51*w + 46. Calculate s(58).
-360
Let k(m) = -103*m + 231. Calculate k(2).
25
Let m(s) = s**3 - 26*s**2 + 23*s - 251. What is m(25)?
-301
Let w(c) = 82*c + 7522. Give w(-91).
60
Let a(g) = 62*g - 194. Determine a(4).
54
Let s(h) = -155*h + 6347. Determine s(41).
-8
Let c(i) = -33*i - 346. What is c(-11)?
17
Let d(c) = c**3 + 6*c**2 - 77*c + 31. Give d(6).
1
Let w(x) = 19*x - 290. What is w(-6)?
-404
Let x(p) = -87*p + 1034. Determine x(12).
-10
Let c(b) = -b**3 + 33*b**2 - 266*b - 95. Calculate c(18).
-23
Let v(i) = 165*i + 492. What is v(-2)?
162
Let u(n) = -51*n + 914. Give u(18).
-4
Let i(k) = 4*k**2 + 1112*k + 5461. What is i(-5)?
1
Let y(x) = 4*x**3 + 144*x**2 + 140*x - 6. What is y(-35)?
-6
Let m(x) = -6*x - 4. Determine m(-20).
116
Let h(g) = 4*g**2 - 670*g + 2295. Calculate h(164).
-1
Let u(h) = -24*h - 46. Give u(-2).
2
Let y(v) = 3*v**2 + 4*v - 40. Calculate y(-5).
15
Let o(r) = -12*r - 271. Give o(-27).
53
Let o(p) = -291*p - 64886. Determine o(-223).
7
Let r(m) = -m**2 - 29*m - 66. Determine r(-29).
-66
Let n(q) = 25*q**2 - 1050*q - 2. Calculate n(42).
-2
Let b(q) = -q**3 + 2*q**2 + 15*q - 36. Give b(0).
-36
Let j(h) = h**2 - 40*h + 52. Calculate j(40).
52
Let h(s) = -3*s**2 + 22*s + 739. Determine h(0).
739
Let l(n) = -5*n + 327. Determine l(6).
297
Let b(t) = t**3 - 5*t**2 + 44*t - 68. Calculate b(7).
338
Let v(z) = 52*z - 570. Give v(11).
2
Let q(p) = -106*p - 1384. Give q(-13).
-6
Let u(a) = -16*a**2 + 219*a + 855. What is u(-4)?
-277
Let f(h) = h**3 - 40*h**2 - 6657*h + 138. What is f(104)?
34
Let h(a) = -2*a**3 + 7*a - 9. Give h(-3).
24
Let x(t) = -5*t**3 + 79*t + 165. Give x(-2).
47
Let w(x) = -13*x**3 + 89*x**2 + 183*x + 3. Determine w(-2).
97
Let w(c) = -30*c + 578. What is w(30)?
-322
Let h(n) = n**3 - 95*n**2 - 7052*n - 585. What is h(144)?
-9
Let p(v) = -v**2 - 39*v - 103. Determine p(-36).
5
Let p(s) = 144*s**3 + s**2 + 2*s. Calculate p(-1).
-145
Let a(n) = 28*n - 150. Give a(17).
326
Let j(h) = 286*h + 59774. What is j(-209)?
0
Let m(k) = k**2 + 7*k - 59. Calculate m(6).
19
Let k(x) = 31*x**3 - 2*x**2 - 8*x + 9. What is k(1)?
30
Let z(h) = 10*h + 167. Calculate z(-17).
-3
Let g(r) = -185*r + 14991. Give g(81).
6
Let z(j) = -125*j + 262. Determine z(2).
12
Let j(l) = l**3 - 117*l**2 - 34*l + 3989. Calculate j(117).
11
Let d(w) = -27*w**2 + 183*w + 183. Give d(-1).
-27
Let o(q) = -q**3 + 17*q**2 - 48*q + 284. What is o(15)?
14
Let c(i) = -122*i + 1854. What is c(15)?
24
Let l(y) = y**2 + 71*y + 1242. Calculate l(-40).
2
Let b(u) = -173*u - 5536. Calculate b(-32).
0
Let v(g) = -g**2 + 21*g + 386. Give v(32).
34
Let g(u) = 519*u + 4617. What is g(-9)?
-54
Let a(g) = -g**2 - 580*g + 2344. Determine a(4).
8
Let l(b) = 7*b**2 - 179*b - 24. Calculate l(23).
-438
Let q(s) = -s**2 + 17*s + 18. Determine q(-1).
0
Let j(y) = -1319*y + 23744. Give j(18).
2
Let x(h) = -2*h**3 - 31*h**2 - 94*h + 64. Give x(-11).
9
Let g(d) = 4*d**3 - 6*d**2 - 4*d + 1. Determine g(-3).
-149
Let b(x) = -199*x + 1923. What is b(9)?
132
Let o(r) = r**3 + 11*r**2 + 209*r + 1515. What is o(-8)?
35
Let y(z) = z**2 + 68*z + 201. Calculate y(-65).
6
Let c(i) = i**3 + 72*i**2 + 407*i + 746. Give c(-66).
20
Let g(m) = m**2 + 975*m + 7738. Calculate g(-8).
2
Let n(u) = -46*u - 1428. Determine n(-41).
458
Let g(b) = -22*b - 171. Calculate g(-16).
181
Let h(j) = 19*j**2 + 41. Give h(0).
41
Let p(m) = 2*m**2 + 56*m - 182. Give p(3).
4
Let v(n) = 2*n**3 